+ 7.
21
Calculate 32 - (13 - 10 - -13 - 6).
22
What is (-2 - -7) + (-93 - -99)?
11
What is the value of -12 + -3 - (1 + -1 + (6 - 1))?
-20
What is 5 + 4 - (3 + -5 + (0 - 6))?
17
Evaluate -10 + 25 + 3 + (21 - 34).
5
Calculate -47 - -50 - (0 + 3) - -3.
3
What is -2 - -3 - (2 + -1 + -17 + 4)?
13
What is the value of 6 + 2 + 7 + -10 - 19 - 5?
-19
What is the value of -23 - (-25 - (-2 + -16))?
-16
What is the value of 0 - 4 - ((0 - 1 - 0) + 0)?
-3
Calculate (3 - -7) + -7 - 13.
-10
What is the value of 3 + -1 + (55 - 54) - 2?
1
What is the value of -1 - (-11 - (-12 + 3))?
1
What is -1 - 8 - -8 - -4?
3
Evaluate 23 - (8 + 18) - (-2 + 15).
-16
What is the value of 10 - (3 + 12 - -11)?
-16
What is 9 - (9 + -3) - (11 - 0)?
-8
-5 + (4 - 5) + 8 + (15 - 38)
-21
Calculate (-19 - 1) + 386 + -380.
-14
Evaluate (6 - (1 - -1)) + 129 + -110.
23
What is (69 - 24) + -24 + -5?
16
Evaluate (2 + -4 - -3) + -14 + (-16 - -20).
-9
What is the value of (36 - 66) + (1 - -41)?
12
Calculate (-49 - -39) + 33 + -9.
14
22 - 13 - 13 - (5 - 1)
-8
What is 13 + -1 + -68 + 53 + -6 + 0?
-9
Calculate -20 + (-42 - -21 - -35).
-6
What is the value of (-1 - -9) + (-60 - (-90 - -36))?
2
What is ((-1 - -3) + 6 - 3) + (-15 - -20)?
10
What is the value of 10 - -14 - 1 - (4 + 2)?
17
Calculate -326 - -327 - (-1 - 0 - 1).
3
What is (-73 - -69) + (11 - -16)?
23
Calculate (-12 - -3) + 1 + 1.
-7
What is 45 - 43 - (-4 + 2 + (7 - 2))?
-1
What is 8 + 10 + 9 + -14?
13
Calculate (8 - (-14 - -20)) + (6 - 1).
7
What is the value of -3 - (1 + 6) - (4 + -13 + 14)?
-15
What is (275 - 288) + (11 - 3 - 2)?
-7
Evaluate (-10 - -29 - 16) + (4 - 1).
6
What is 1 + -17 + (-1 - -3 - (-7 - -3))?
-10
What is -30 + -2 + 37 + 1 + -7 + 1?
0
What is -6 + (-16 + 41 - 32) + 0 + -3?
-16
What is the value of (44 - 26) + (-2 + -5 - 3)?
8
What is -10 - -11 - (17 - (7 + -4))?
-13
Calculate (6 + -13 - -19) + -5.
7
What is 6 - 1 - (-3 + -12 + -45 + 66)?
-1
What is -12 + 1 + 30 + 17 + -38 + -21?
-23
3 + (-10 - -25) + (10 - 7)
21
What is the value of -20 + 17 + 7 - (-7 - 0)?
11
What is the value of 16 + (-11 - 15) + 3?
-7
Evaluate 12 - (-13 - (-34 + -9)).
-18
18 + -11 + -10 + -6
-9
Calculate -16 - 1 - (-1 + -43 - -42).
-15
What is 12 + -9 + -1 - (-1 - (-8 + -1))?
-6
What is -8 - ((1 - 3) + -51 + 53)?
-8
-13 - (-18 + (26 - 12))
-9
-6 + -5 + 6 + (-7 - 6) + 7
-11
(-25 - 62) + 70 - (-39 - -1)
21
What is the value of -47 + 25 + 7 + (-23 - -6)?
-32
Evaluate 21 + (45 - 29 - (-5 + 28)).
14
What is (228 - 254) + (1 - -13)?
-12
-9 - (0 + -10 - -3) - -18
16
-12 + (-8 + 10 + -6 - -2)
-14
What is -4 - (3 + -15 + 13)?
-5
Evaluate -60 - -51 - (-2 + (0 - 1)).
-6
134 + -143 - (-4 + 4)
-9
What is the value of 33 + -34 - (5 + 4)?
-10
What is the value of 1 + -2 + (-5 + -3 - -4) + 3?
-2
Evaluate -27 + 38 + (4 + -1 - 11).
3
0 - -3 - -1 - (-91 + 58)
37
(8 - ((2 - 3) + -1)) + -8
2
Calculate (-5 - 0) + 5 + 13 + 2 + -13.
2
What is -1 + -1 + 7 + (1 - -12)?
18
Calculate (3 + 14 - 4) + 0 + 4.
17
Calculate (-15 + 2 - -1) + (845 - 836).
-3
What is the value of (-1 - -6) + (45 - 24) + -34 + -4?
-12
Evaluate 9 + -3 + -25 + 11.
-8
Evaluate -1 + (-1 - -7) - (-11 + 2 - -7).
7
(1 - (0 - -2)) + -35 + 30
-6
What is (3 - -25) + -4 + (12 - 17) + -3?
16
Evaluate -15 - (-3 + 7 + -4 + 1).
-16
Calculate -51 - -9 - -49 - (2 + (1 - 16)).
20
-15 - -32 - (-4 - (-3 - 4))
14
14 + -7 + (-1 - (-9 - -4)) + -1
10
What is the value of 3 + 28 - (-100 + 119)?
12
Calculate -8 + -3 + -1 + 18 - (-3 - -19).
-10
Calculate -2 + (2 - -10 - 6 - -5).
9
3 - 18 - -9 - -6
0
What is the value of -3 - (6 - 22) - ((9 - 2) + -2)?
8
-1 + 7 + -9 + -8 + (7 - -8)
4
What is the value of 18 - (-18 - (5 + -20))?
21
Calculate 0 + 0 - (-19 - -16 - 1 - 3).
7
What is the value of (12 - 2) + (20 - (7 - -14))?
9
What is the value of (70 - (117 + -61)) + -1 + (-1 - 1)?
11
Evaluate 5 + 1 - (-1 + -1 - 2).
10
(-3 - 7) + (-3 + 3 - -7)
-3
What is the value of 478 - 508 - (1 + -11 - 2)?
-18
-3 + 6 - -3 - (-24 + (7 - -15))
8
What is -8 - (-14 + -4 - -5)?
5
Calculate -2 + -1 + -4 + 11.
4
Evaluate 7 + (-11 - (6 - 1)) + 12.
3
What is the value of -9 - -10 - ((0 - 1) + (0 - -10))?
-8
What is the value of (-39 - -76) + -45 + -22?
-30
What is 15 - (14 - 9 - 22) - 12?
20
What is the value of -9 - (-3 + (2 - -12) + -3)?
-17
Evaluate -2 + (12 - (-7 - (-4 - 1))) + -2.
10
What is 12 + (57 - 28) + -52?
-11
What is -5 + 4 + 4 - (0 + 0) - 1?
2
Evaluate 57 + -13 + 0 - 25.
19
What is 9 + (-8 - 4) - (7 + 8 + 6)?
-24
-6 + 2 + -1 + (8 + 39 - 39)
3
What is the value of 3 + -7 + 12 + 5 + 2?
15
What is the value of -32 + 0 + -25 + 21 - (-2 + 1)?
-35
What is -4 - -5 - (13 + -8 - 3) - 5?
-6
What is the value of -10 + 0 + -317 + 322?
-5
What is the value of 13 + 8 + (-89 - -53)?
-15
What is -12 + (-25 - 4) - (21 - 39)?
-23
Calculate -17 + 0 + (-1 - (11 - -1)) + 13.
-17
Calculate -16 + 15 + -5 + -1.
-7
Calculate 24 - ((28 - 2) + -15).
13
Calculate (5 - (6 - 3)) + (-133 - -129).
-2
What is the value of (5 - 6) + 7 - (15 + -18)?
9
Calculate (28 - 51) + 11 + (18 - 0).
6
Evaluate (-8 - 7) + (-9 - (21 - 28)).
-17
Evaluate 2 - 15 - (-41 + 23).
5
Evaluate 108 + -110 - (-14 - 1 - -2).
11
What is the value of 10 + -8 + -11 + 30?
21
20 - (4 + 24 + -9)
1
Evaluate -23 - (-11 + 3 + 14 + 2 + -9).
-22
What is 5 - (2 + -4) - (1 - 0) - 11?
-5
Evaluate (6 + -5 + 1 - -4 - 3) + -9.
-6
What is the value of (2 + (6 - 12) - -4) + 7?
7
Calculate 38 + (18 - 17) + -16 + -13.
10
Evaluate (14 - (10 + (8 - 16))) + -31.
-19
What is 5 + -30 + -1 - -13?
-13
Calculate 11 + (-52 - (-4 + -3)) + 6.
-28
What is the value of (-3044 - -3063) + 8 + (0 - (3 - 1))?
25
What is 2 + -1 + -7 + (5 - (-12 - -10))?
1
Calculate 9 - 2 - 12 - -22 - 8.
9
Calculate 2 - (1 + -3) - (61 + -52).
-5
What is the value of (4 - 13) + (-4 - 8) + -1?
-22
What is the value of -287 + 286 + -28 + -3?
-32
What is the value of 0 + (-12 - 1) + 31?
18
Evaluate (97 - 115) + (26 - -2) - (14 + 3).
-7
-8 + 1 + 1 - (5 - 1)
-10
-2 - (3 + (-6 + -10 + 10 - -7))
-6
What is (2 - (9 + -2)) + -3 + 11 + 18?
21
Evaluate 6 - (-1 - 2 - (-55 + 45)).
-1
Calculate 13 + (-25 - -9) - -2.
-1
Evaluate 0 + -4 + (10 - 6 - 13).
-13
-12 - (-4 + -3 + 3) - -16
8
What is the value of -1 + 6 + 3 + -18 - 6?
-16
Evaluate 8 + -34 + -14 + -5 + 17.
-28
2 + (-113 + 116 - (1 + -3 - -9))
-2
What is the value of 37 - (6 + (-9 - -3 - -13))?
24
What is the value of 13 + -1 + (2 - 12) + 560 + -554?
8
Calculate -1 + 25 - (5 + 13).
6
Evaluate (-13 - ((-4 - (4 + 4)) + 2)) + 5.
2
-8 + (5 + (-21 - -6) - -2)
-16
What is the value of -8 - 8 - -4 - -16?
4
80 + -15 + -25 - 8
32
Calculate 3 - (1 + -2) - (115 - 112).
1
What is (1 - (2 - 9)) + -17 - -8?
-1
What is the value of -21 - -20 - ((-3 + 4 - -2) + 5)?
-9
Evaluate -16 + (0 - (-37 + 7)) + -3.
11
What is the value of -4 - (-4 + (14 - 6))?
-8
-6 - (-6 - (21 - (13 - (8 + -3))))
13
What is 17 + (9 - 17) - (3 - (-1 - 2))?
3
Calculate 24 - (-1 - (-17 + 2)).
10
What is (-8 + 8 + -7 - 1) + 23 - -3?
18
Calculate -19 - ((6 - 1) + (-12 - (-15 - -18))).
-9
Evaluate -6 + 1 - (7 + 17 + -23) - -6.
0
Calculate -7 + 1 - (17 - (48 + -25)).
0
Evaluate 1 + -6 + (5 - 4) + (-48 - -46).
-6
Calculate 17 - (32 + -15 + -4) - (1 + -2).
5
Calculate (6 - (1 + 2 + -4)) + (-411 - -408).
4
-1 + 2 - (7 + (-20 - -6) - 15)
23
Evaluate 23 + 1 + -22 + (-9 - 1).
-8
What is -52 - (-36 + -1) - (15 - 0)?
-30
-23 + 14 - (4 + 1 + 0)
-14
Evaluate 0 + (-11 - -2) + (-36 - -54).
9
Calculate 2 - 0 - (5 + (2 + -4 - 2)).
1
What is the value of -5 - 1 - -1 - (-13 - 3)?
11
9 + -29 + 5 + 1 + 7
-7
Evaluate -11 - 13 - (-20 - -22).
-26
What is (30 - 24 - 24) + 1 + 9?
-8
What is 0 - (5 + (16 - 8)) - 2?
-15
Evaluate (34 - -14) + -26 - 6.
16
Evaluate -5 + 5 + 0 + 0 - (2 + -7).
5
What is the value of -3 - ((6 + -5 - 2) + 0)?
-2
What is -3 - (-2 + 4 - (74 - 64))?
5
(20 + 11 - 10) + -11
10
What is the value of -2 - (-2 + 3 - (-13 - -12 - -7))?
3
What is (0 + 23 - 37) + 17?
3
3 + -7 - (8 - (0 - (6 - 12)))
-6
Evaluate (-12 - -2) + (-46 - -59).
3
What is the value of (12 - 4) + (-10 - -20 - 5)?
13
What is the value of -3 + (5 - (7 + 1 + -7)) + 11?
12
What is 4 + -8 + (14 - -3) + 3?
16
Evaluate 0 + (24 - -7) + -20.
11
What is the value of 10 - (16 - (10 - 15))?
-11
Evaluate (2 + 2 - (-3 + 2) - 2) + -24.
-21
9 + (19 - 4 - (-20 + 11 + 16))
17
Evaluate (32 - 31) + (-8 - (-2 - -1))